 Suppose -5*k + w + 21 = 0. What are the prime factors of k?
3
Let z be (-132)/8*(-14)/3. List the prime factors of 4/22 - (-1988)/z.
2, 13
Let z be -3 + (-3 - 0 - -46). Suppose -5*u + 25 = 2*a, -u = -3*a - 6*u + z. List the prime factors of a.
3, 5
Let x = -16 + 10. What are the prime factors of (12/(-10))/(x/80)?
2
Let t = 6 - 3. Suppose o - t - 1 = 0. Suppose -30 = -9*h + o*h. List the prime factors of h.
2, 3
Suppose 4 = -4*w + 4*d - 4, 0 = 2*d - 6. Let b(g) = 16*g**2 + 2*g - 1. List the prime factors of b(w).
17
Let r be (-2)/(-2) - (0 + 12). Let t = 3 - r. List the prime factors of t.
2, 7
Suppose -27*z - 40 = -28*z. List the prime factors of z.
2, 5
Suppose 0 = 6*q - q + 135. Let p = q + 5. Let t = -6 - p. List the prime factors of t.
2
Suppose 0 = 3*r + 56 - 119. List the prime factors of r.
3, 7
Suppose 5*n - 72 = 3*n. List the prime factors of n.
2, 3
What are the prime factors of 70*(0 + 2)*(-5)/(-5)?
2, 5, 7
Suppose -x + 30 = 2*x. List the prime factors of x.
2, 5
Let t(o) = -o - 2. Let q be t(-8). Let j = -5 - -7. Suppose -2*u - 28 = -2*c - q*u, -j*u = -10. List the prime factors of c.
2
Let a = 10 - 6. Suppose n = 3*d + 2*d - 35, -a*n = 0. List the prime factors of d.
7
List the prime factors of 282/15 - (-2)/10.
19
Suppose a - 5*p + 22 = 0, -p - 4*p = -25. Suppose u - 44 = -a*u. What are the prime factors of u?
11
Let q(v) = -8*v**2 - 1. Let l be q(1). Let a(k) = -3*k - 3. Let c(j) = -j - 1. Let r(f) = -2*a(f) + 7*c(f). List the prime factors of r(l).
2
Let m = 98 - 65. Let w be -7*1/3*9. Let c = m + w. List the prime factors of c.
2, 3
Suppose 0 = -0*r - 5*r + 25. List the prime factors of (r + -1)/(-2) + 21.
19
Let d(r) = -r**3 + r + 125. What are the prime factors of d(0)?
5
Suppose 5*x = 4*x - 11. Let k = x - -20. List the prime factors of k.
3
Let k = 1005 - 686. List the prime factors of k.
11, 29
Suppose o = -4*o - j + 81, -29 = -2*o + 3*j. List the prime factors of o.
2
Let k = 4 - 36. Let y = k + 68. Suppose -2*l + y = 2*l. List the prime factors of l.
3
Let z(n) be the first derivative of -n**4/4 + n**3/3 + 3*n**2/2 - 2*n - 3. Let v be z(2). Suppose -4*q = v, 71 = 4*m + q + 15. What are the prime factors of m?
2, 7
Let d(v) = 3*v**2 - 3 - 4*v + 3. What are the prime factors of d(3)?
3, 5
Suppose 0 = -f + 32 - 11. Let q be (13/(-3))/((-3)/(-9)). Let j = q + f. List the prime factors of j.
2
Suppose 2*t - 1 = -3*j, 5*t + 0*t + 3*j - 16 = 0. List the prime factors of t.
5
What are the prime factors of (-2 - 15/(-3))/((-6)/(-8))?
2
Let x be (3/(-1))/(-3) - -4. Suppose 1 = 3*s - x. Suppose 2*w - 5*j - 17 = 0, s*w - j + 4*j = 25. What are the prime factors of w?
11
Suppose 4*l = 2*p - 0 - 10, -4*p = 5*l + 19. Let k be (2 + (-24)/15)*15. Let q = p + k. List the prime factors of q.
5
Suppose t - 2 = -c, 0 - 2 = 3*t - 5*c. Let n(u) = -7*u - 3*u + u + t. What are the prime factors of n(-1)?
2, 5
Let f = 6 + 11. What are the prime factors of f?
17
What are the prime factors of 25*6*(-6)/(-45)?
2, 5
Let z be (2/(-10) - -1)*5. Suppose -t - 11 = -13. Suppose -2*v + 14 = t*s, 0 = z*v - 3*s - 3 - 39. What are the prime factors of v?
3
Suppose -5*q + 3*d = -1353, q - d = d + 265. List the prime factors of q.
3, 7, 13
Suppose 3*o - 893 = -197. What are the prime factors of o?
2, 29
Let z(b) = b**2 - b + 4. Suppose 0*n + 33 = 4*n + t, 3*n = -4*t + 15. Suppose n*x = 4*x. What are the prime factors of z(x)?
2
Let a(b) = -b**3 + 9*b**2 + 2*b - 10. Let k be 400/48 - (-2)/3. What are the prime factors of a(k)?
2
Suppose 0 = -10*u - u + 2167. What are the prime factors of u?
197
Suppose -3*a = -5*o + 42 + 102, a - 2*o + 48 = 0. Let b = 83 + a. What are the prime factors of b?
5, 7
Let t(g) = -g**2 - 4*g - 1. Let y be t(-3). Suppose j = -y*j. Suppose 5*a - 2*v - 35 = -6*v, -5*a + 2*v + 5 = j. What are the prime factors of a?
3
Let o = 2 - 4. Let g be (-1)/(o/(-8)) + 1. List the prime factors of (-4)/((-1 - g)/(-2)).
2
What are the prime factors of (-1520)/(-28) + (-4)/14?
2, 3
Suppose 0 = c + 3*b - 105, 5*b - 76 = -c + 19. What are the prime factors of c?
2, 3, 5
Suppose -2*r = -1 - 11. What are the prime factors of r?
2, 3
Let p = 15 + -24. What are the prime factors of (6/p)/((-1)/15)?
2, 5
Let b be (-12)/10*20/(-6). Suppose 3*x = b*y + 27, 2*y - 45 = -3*x - 0*x. List the prime factors of x.
13
Suppose m - 139 = -3*u, 3*m + 0*m = -2*u + 102. Suppose -6*j = -j - u. What are the prime factors of j?
3
List the prime factors of -4 + 0 + (5 - -3).
2
Let o = 67 - 27. Let v = o - 18. Suppose -v = -3*p + p. List the prime factors of p.
11
List the prime factors of (-15)/(-6) - (2/1)/4.
2
What are the prime factors of (21/6)/((-3)/(-84) - 0)?
2, 7
Let j = -1 - -4. Suppose 10 = -2*v + j*v. What are the prime factors of v?
2, 5
Suppose 5*r = 2*r. Suppose r = -y - 2 + 9. What are the prime factors of y?
7
Let i = -21 - -31. What are the prime factors of i?
2, 5
Suppose 4*g - 38 = -2*y, 2*g - 1 = y - 0. List the prime factors of y.
3
Suppose -3*l + 3 + 3 = 0. Let x = 4 - l. Suppose 4*o = -3*c + 37, -4*c + x + 30 = o. List the prime factors of c.
7
Suppose n + 4*a + 12 = -3*n, -2*a = -n + 6. Suppose 5*g - 2*x - 14 = 0, n = g + x + 3*x - 16. List the prime factors of g.
2
Let h(i) be the third derivative of -i**4/8 - i**3/3 - i**2. What are the prime factors of h(-7)?
19
List the prime factors of (-60)/(-8)*94/3.
5, 47
Suppose 4*o - 2 = 5*o. Let t be 0/(-2 - (o - 2)). Suppose t = -r - 2*r + 33. List the prime factors of r.
11
Let x(f) = 3*f - 1. Let z be x(3). Let b be (6/z)/((-3)/(-12)). Suppose 0 = -2*d - b*d + 45. What are the prime factors of d?
3
Let y = -8 + 14. Let g(p) = -9*p**3 - 10*p**2 - 23*p + 16. Let o(u) = -5*u**3 - 5*u**2 - 12*u + 8. Let c(j) = 6*g(j) - 11*o(j). List the prime factors of c(y).
2
Let s(m) = 8*m**2 - 10*m - 9. What are the prime factors of s(5)?
3, 47
Let s(j) = -12*j**3 + j**2 + j + 1. Suppose 0*z + 3*z = 2*u - 10, 0 = -3*u - 4*z - 19. What are the prime factors of s(u)?
13
Let g(k) = k - 7. Suppose 29 = 4*v + 5. Let i be g(v). Let a = i - -10. List the prime factors of a.
3
Let m(n) = n**2 + 4*n - 3. Let u be m(-5). Suppose d + u - 3 = 0. Suppose 5*x = -4*z + 13, 0 = 2*z + z - 5*x - d. What are the prime factors of z?
2
Let h(a) = -2*a + 8. Let t be h(-7). Let f = -3 + t. Suppose -2*v + f - 3 = 0. What are the prime factors of v?
2
Let w be (-9)/(-15)*(284 - -1). List the prime factors of 4/18 - (-1159)/w.
7
Suppose 3*h - 9 = 3. Let i = 13 - 8. Suppose -4*a - 10 = -i*q - a, -h*a - 2 = -q. What are the prime factors of q?
2
Let c = -22 - -21. Let x = c + 7. List the prime factors of x.
2, 3
Let o(k) = 2*k**2 - 2*k - 3. Let z(i) = -i - 12. Let q be (3 - 8)/((-1)/(-2)). Let a be z(q). List the prime factors of o(a).
3
Let u = -83 - -52. Let f = u + 50. What are the prime factors of f?
19
Let m(l) = -l**2 + 10*l - 9. Let s be m(7). Let u = 20 - s. List the prime factors of u.
2
Let o(l) = 19*l + 2. Let r be o(-2). What are the prime factors of (27/18)/((-2)/r)?
3
Suppose -1 = -0*x + x. Let u be (8/(1 - -1))/x. List the prime factors of (9/(-12) - 1)*u.
7
Let q(x) = 22*x**2 + x + 1. Let h be (-1)/3*1*3. Let l be q(h). List the prime factors of 194/l - 14/(-77).
3
Let n be (32/2)/(10/35). Suppose 5 + 5 = 5*o. Suppose -u = -4*g - o*u + n, -u = 3*g - 41. List the prime factors of g.
3, 5
Let i(j) = -j**3 + 8*j**2 - j - 2. Let y be i(8). List the prime factors of (-1)/(-5) + (-268)/y.
3
Suppose 2*f = v + 58 + 28, -166 = -4*f - v. List the prime factors of f.
2, 3, 7
Let t(x) = 16*x**2 - x. Let z be t(1). Suppose r - z = -2*r. List the prime factors of r.
5
Let s(m) = m**3 + 8*m**2 - 11*m - 6. Let y be s(-9). List the prime factors of 63/y - (-2)/(-8).
5
Suppose 2*q + q - 6 = 0. List the prime factors of 1986/42 + q/(-7).
47
What are the prime factors of (4/(-5))/((-28)/1330)?
2, 19
Let q(i) = -i**3 - 3*i**2 - 2*i + 4. What are the prime factors of q(-3)?
2, 5
Suppose 0 = -b + 2*b + h - 5, h = -2*b + 6. Suppose -3*c = 11 + b, -4*v = 5*c - 40. What are the prime factors of v?
3, 5
Suppose 5*k - 4*v - 57 - 19 = 0, -3*v + 83 = 5*k. Suppose 2*m + k = 6*m. Suppose -m*b + 0*b + 32 = 0. What are the prime factors of b?
2
Let r(l) be the first derivative of l**4/4 - 2*l**3/3 + 3*l**2/2 - 3*l + 2. Let g be r(2). Suppose -2*m + 30 = g*m. Wh